ndreds digit of 688?
6
What is the ten thousands digit of 29894?
2
What is the thousands digit of 2047?
2
What is the hundred thousands digit of 135415?
1
What is the units digit of 3114?
4
What is the thousands digit of 1031?
1
What is the units digit of 1386?
6
What is the hundreds digit of 1549?
5
What is the hundreds digit of 244?
2
What is the units digit of 1922?
2
What is the tens digit of 2492?
9
What is the hundreds digit of 1812?
8
What is the thousands digit of 55720?
5
What is the thousands digit of 3707?
3
What is the thousands digit of 3220?
3
What is the tens digit of 6710?
1
What is the units digit of 10645?
5
What is the hundreds digit of 22690?
6
What is the tens digit of 2599?
9
What is the hundreds digit of 2368?
3
What is the hundreds digit of 3813?
8
What is the hundreds digit of 26672?
6
What is the hundreds digit of 1567?
5
What is the tens digit of 1218?
1
What is the hundreds digit of 126754?
7
What is the ten thousands digit of 43328?
4
What is the thousands digit of 5997?
5
What is the tens digit of 2937?
3
What is the units digit of 11318?
8
What is the tens digit of 1325?
2
What is the thousands digit of 3977?
3
What is the thousands digit of 81204?
1
What is the hundreds digit of 1625?
6
What is the tens digit of 677?
7
What is the units digit of 2256?
6
What is the tens digit of 303?
0
What is the tens digit of 5723?
2
What is the thousands digit of 52145?
2
What is the hundreds digit of 490?
4
What is the units digit of 22129?
9
What is the units digit of 99026?
6
What is the units digit of 19642?
2
What is the thousands digit of 20299?
0
What is the hundreds digit of 136?
1
What is the thousands digit of 2193?
2
What is the thousands digit of 4902?
4
What is the thousands digit of 55513?
5
What is the ten thousands digit of 19118?
1
What is the thousands digit of 18612?
8
What is the units digit of 62575?
5
What is the thousands digit of 36033?
6
What is the units digit of 6212?
2
What is the units digit of 590?
0
What is the units digit of 23102?
2
What is the thousands digit of 36815?
6
What is the thousands digit of 4541?
4
What is the thousands digit of 20901?
0
What is the tens digit of 27035?
3
What is the hundreds digit of 6991?
9
What is the tens digit of 54028?
2
What is the units digit of 102888?
8
What is the tens digit of 107577?
7
What is the thousands digit of 14711?
4
What is the thousands digit of 30286?
0
What is the hundreds digit of 21505?
5
What is the hundreds digit of 639?
6
What is the hundreds digit of 1105?
1
What is the tens digit of 8733?
3
What is the hundreds digit of 5059?
0
What is the units digit of 12486?
6
What is the tens digit of 4904?
0
What is the units digit of 395?
5
What is the units digit of 554?
4
What is the thousands digit of 7335?
7
What is the tens digit of 595?
9
What is the units digit of 5?
5
What is the hundreds digit of 552?
5
What is the tens digit of 7857?
5
What is the tens digit of 39291?
9
What is the units digit of 1095?
5
What is the thousands digit of 31074?
1
What is the thousands digit of 32359?
2
What is the units digit of 1510?
0
What is the tens digit of 10039?
3
What is the tens digit of 1443?
4
What is the thousands digit of 1003?
1
What is the units digit of 15042?
2
What is the units digit of 2551?
1
What is the tens digit of 497?
9
What is the hundreds digit of 46702?
7
What is the hundreds digit of 1245?
2
What is the units digit of 132545?
5
What is the thousands digit of 24758?
4
What is the ten thousands digit of 106855?
0
What is the tens digit of 32247?
4
What is the units digit of 1661?
1
What is the tens digit of 50014?
1
What is the tens digit of 5992?
9
What is the hundreds digit of 43392?
3
What is the hundreds digit of 25595?
5
What is the hundreds digit of 3416?
4
What is the tens digit of 1262?
6
What is the ten thousands digit of 11315?
1
What is the hundreds digit of 4860?
8
What is the hundreds digit of 4007?
0
What is the tens digit of 8009?
0
What is the tens digit of 108238?
3
What is the hundreds digit of 200?
2
What is the tens digit of 813?
1
What is the units digit of 1223?
3
What is the tens digit of 6256?
5
What is the units digit of 180?
0
What is the hundreds digit of 36697?
6
What is the tens digit of 708?
0
What is the tens digit of 28548?
4
What is the hundreds digit of 773?
7
What is the ten thousands digit of 66983?
6
What is the units digit of 3984?
4
What is the hundreds digit of 104?
1
What is the units digit of 13097?
7
What is the units digit of 3618?
8
What is the hundreds digit of 2765?
7
What is the hundreds digit of 439?
4
What is the tens digit of 9538?
3
What is the tens digit of 409?
0
What is the hundreds digit of 2901?
9
What is the units digit of 11577?
7
What is the ten thousands digit of 21672?
2
What is the units digit of 3974?
4
What is the hundreds digit of 49151?
1
What is the thousands digit of 71792?
1
What is the hundreds digit of 2916?
9
What is the thousands digit of 6972?
6
What is the thousands digit of 1266?
1
What is the units digit of 117?
7
What is the thousands digit of 8452?
8
What is the ten thousands digit of 38726?
3
What is the tens digit of 25629?
2
What is the thousands digit of 13197?
3
What is the units digit of 10187?
7
What is the hundreds digit of 344?
3
What is the hundred thousands digit of 113922?
1
What is the tens digit of 606?
0
What is the tens digit of 159?
5
What is the tens digit of 1809?
0
What is the tens digit of 13260?
6
What is the thousands digit of 20691?
0
What is the ten thousands digit of 41418?
4
What is the units digit of 3952?
2
What is the hundreds digit of 19462?
4
What is the tens digit of 16443?
4
What is the ten thousands digit of 114338?
1
What is the hundreds digit of 1670?
6
What is the tens digit of 24055?
5
What is the units digit of 2927?
7
What is the units digit of 4005?
5
What is the ten thousands digit of 17147?
1
What is the hundreds digit of 3139?
1
What is the thousands digit of 1200?
1
What is the thousands digit of 16806?
6
What is the thousands digit of 2090?
2
What is the ten thousands digit of 15274?
1
What is the tens digit of 112525?
2
What is the tens digit of 3193?
9
What is the hundreds digit of 6758?
7
What is the hundreds digit of 69338?
3
What is the tens digit of 125?
2
What is the units digit of 31078?
8
What is the units digit of 8291?
1
What is the tens digit of 14587?
8
What is the thousands digit of 8312?
8
What is the thousands digit of 13670?
3
What is the tens digit of 3677?
7
What is the thousands digit of 1815?
1
What is the units digit of 3001?
1
What is the thousands digit of 3083?
3
What is the hundreds digit of 1020?
0
What is the thousands digit of 106791?
6
What is the tens digit of 994?
9
What is the tens digit of 14?
1
What is the ten thousands digit of 92296?
9
What is the hundreds digit of 182?
1
What is the thousands digit of 8997?
8
What is the thousands digit of 8567?
8
What is the hundreds digit of 74183?
1
What is the tens digit of 1341?
4
What is the hundred thousands digit of 116721?
1
What is the thousands digit of 15694?
5
What is the tens digit of 42743?
4
What is the hundreds digit of 15903?
9
What is the thousands digit of 6225?
6
What is the units digit of 872?
2
What is the tens digit of 9142?
4
What is the thousands digit of 3082?
3
What is the tens digit of 458?
5
What is the hundreds digit of 6357?
3
What is the thousands digit of 12552?
2
What is the hundreds digit of 114972?
9
What is the units digit of 1613?
3
What is the units digit of 1661?
1
What is the thousands digit of 2290?
2
What is the units digit of 428?
8
What is the tens digit of 1406?
0
What is the thousands digit of 71106?
1
What is the tens digit of 2080?
8
What is the tens digit of 4896?
9
What is the units digit of 6361?
1
What is the ten thousands digit of 90332?
9
What is the units digit of 5876?
6
What is the ten thousands digit of 11549?
1
What is the units digit of 16503?
3
What is the tens digit of 404?
0
What is the tens digit of 517?
1
What is the units digit of 119044?
4
What is the hundreds digit of 1434?
4
What is the units digit of 2615?
5
What is the hundreds digit of 6869?
8
What is the thousands digit of 9275?
9
What is the tens digit of 960?
6
What is the tens digit of 1604?
0
What is